n?
11, 197
Let x(g) be the second derivative of g**4/12 - 2*g**3/3 - 9*g**2/2 - 9*g. Let k(n) = n**3 - 3*n**2 + 3*n - 1. Let r be k(3). What are the prime factors of x(r)?
23
Let q = 87 + -87. Suppose -27*g + 26*g + 137 = q. What are the prime factors of g?
137
List the prime factors of (-180)/270 + 9416/3.
2, 3, 523
Suppose -2*b = -4*b - 8. Let k(o) = -o**3 + 7*o**2 + 10*o + 6. Let s be k(8). Let x = s - b. What are the prime factors of x?
2, 13
Let y = 151 + -6. List the prime factors of y.
5, 29
Let v(y) = 2*y + 63. Let j be v(0). Let z = j - 91. List the prime factors of (-3)/(-4) + (-651)/z.
2, 3
Suppose -158*s + 17244 = -153*s + 4*j, -5*s + 17240 = 5*j. List the prime factors of s.
2, 863
Suppose 5*l = -a + 11271, -9036 = 16*l - 20*l + 4*a. What are the prime factors of l?
5, 11, 41
Suppose 25 = 3*k - 8. Suppose 4*q = -0*q + 8. Suppose 5*z - 65 = -3*s, q*z - 37 = 4*s - k. What are the prime factors of z?
13
Suppose 0 = -s - 44 + 50. Suppose 0*r = -s*r + 288. List the prime factors of r.
2, 3
Suppose -3*m + 4*u + 4 = 2, 2*m - 4*u = 0. Suppose -7 = -m*a - d - 0, 4*d = -12. Suppose 0 = -3*h + 2 + 7, 185 = a*x - 5*h. List the prime factors of x.
2, 5
Suppose -14*u + 7364 = 2*x - 18*u, 3*u - 11064 = -3*x. List the prime factors of x.
2, 19, 97
Let u = 2 - -2. Suppose -3*d - 253 = -5*y - 4*d, -u*d = -3*y + 138. List the prime factors of y.
2, 5
Let a(y) be the first derivative of -9*y**2/2 - 15. Let k(w) = 18*w. Let l(b) = 11*a(b) + 6*k(b). What are the prime factors of l(8)?
2, 3
Suppose 210 - 1725 = -5*q. Suppose 5*w - 768 = -4*x, w + w - q = -3*x. List the prime factors of w.
2, 3, 13
List the prime factors of (21/28)/(((-75)/6552)/(-25)).
2, 3, 7, 13
Let k(u) = -u**2 + u + 1. Let w(s) = s**3 + 10*s + 7. Let d(t) = -t**2 + t + 1. Let l be d(2). Let v(c) = l*w(c) + 6*k(c). List the prime factors of v(-6).
23
Let l(w) = -194*w**3 - 9*w**2 + w + 7. Let v(b) = -b**3 + b**2 - 1. Let c(g) = -l(g) - 6*v(g). List the prime factors of c(1).
3, 67
Let l = -145 - -58. Let k(s) = s - 27. Let b be k(-15). Let p = b - l. What are the prime factors of p?
3, 5
Suppose 8*f = -5*f - 728. What are the prime factors of 299 + (f/(-21) - (-2)/6)?
2, 151
Let d(b) = b**3 - 98 + 89 + 0*b**2 - 6*b**2. List the prime factors of d(7).
2, 5
Let s(a) = 2*a**2 - 3*a - 10. Suppose 11*d + 36 = 5*d. What are the prime factors of s(d)?
2, 5
Let a(i) = 3*i**2 - 3*i - 12. Let n be a(-6). Suppose -s = -4*s + n. List the prime factors of s.
2, 19
Suppose -5*d + 86 = 6. Suppose -7*m = -9*m - d. Let p = 10 + m. List the prime factors of p.
2
Suppose 57 = 2*d + n, n + 123 = 3*d + d. List the prime factors of d.
2, 3, 5
Let m be (-19)/(-5) + 1/5. Suppose 0*b - 5*z + 218 = m*b, 0 = 2*b - 3*z - 120. What are the prime factors of b?
3, 19
Let s(l) = l**2 + 5*l - 4. Let m be (-8)/1 - -1 - -2. Let h be s(m). What are the prime factors of (-310)/(-8) - 1/h?
3, 13
Let d be 6/6 + ((-264)/(-2) - 1). Suppose 93 = 5*b - d. List the prime factors of b.
3, 5
Let g = 18 + -10. Suppose 0 = 5*v - 4*k + 8 + g, v + 16 = 4*k. Suppose v = 3*h - 17 - 55. List the prime factors of h.
2, 3
Suppose -10*s + 4*s + 1494 = 0. What are the prime factors of s?
3, 83
Let q be -3 - 20/(-15) - (-2)/3. Let a(h) = 72*h**2 + h + 3. List the prime factors of a(q).
2, 37
Let l(t) = t**3 - t**2 - 1. Let g(v) = -3*v**3 - 7*v**2 + 15*v + 10. Let j(n) = -g(n) - 2*l(n). List the prime factors of j(-10).
2, 3, 7
Suppose 2*g + 71 = 9. What are the prime factors of (2 + g*(-1)/(-3))*-3?
5
Let l = -39 + 43. Suppose i + 805 = l*m - 2*i, -4*i = -4*m + 804. List the prime factors of m.
2, 101
Let v = -2616 - -3975. What are the prime factors of v?
3, 151
Suppose 1362 = -60*a + 63*a. Suppose 0*s - a = -2*s - 2*h, 2*s - 4*h = 454. List the prime factors of s.
227
Suppose -15*b - 15*b = -110220. What are the prime factors of b?
2, 11, 167
Let f = 680 - 282. What are the prime factors of f?
2, 199
Let w(u) = u - 2. Let o(j) = -4*j - 1. Let p be o(1). Let x be w(p). List the prime factors of x*(-1 + -1 + -1).
3, 7
Let y = 13 - 8. Let h = -3 + y. What are the prime factors of 668/16 - h/(-8)?
2, 3, 7
Let o(w) = -w**3 + 10*w**2 - w + 2. What are the prime factors of o(-7)?
2, 421
Let n be 10/6*(-18)/(-10). Suppose r - 4*w - 20 = -0*r, 0 = -r + n*w + 16. Suppose -r*a - 2*a = -144. List the prime factors of a.
2, 3
Suppose 2478 - 738 = 6*d. List the prime factors of d.
2, 5, 29
Suppose -4*r + 5*p + 8673 + 2232 = 0, r + 3*p = 2722. What are the prime factors of r?
5, 109
Suppose 128*i = 130*i - 200. List the prime factors of i.
2, 5
Suppose 0 = -0*m + 2*m - 2*u + 12, -2 = 3*m + u. Let k = m - -2. Suppose -2*h + 5*q + 33 = k, -4*h + 2*q - 4 = 6*q. List the prime factors of h.
2
Suppose 4*k = 2*l - 0*l + 22, 3*l = -3*k + 3. Suppose c + k*c + y - 178 = 0, c + 3*y = 30. List the prime factors of c.
2, 3
Let u be (430/15)/((-2)/(-3)). Suppose 0 = 5*l + 3*v - 4*v - 503, 3*v = -9. Let n = l - u. List the prime factors of n.
3, 19
Let u = -58 + 102. Suppose -v + 0*v = -u. Let s = v - 13. List the prime factors of s.
31
Let h(b) = 12*b + 2. Let p be h(5). Suppose -3*x + 121 = -p. Suppose 4 = 5*k - x. What are the prime factors of k?
13
Let s(a) = a**3 - 6*a**2 - a + 5. Let v be s(6). Let w be (-12)/(-3) - (v - -1). Suppose 0 = w*d + d - 70. List the prime factors of d.
2, 7
Let l = 4161 + -2318. What are the prime factors of l?
19, 97
Let w(v) be the third derivative of v**5/20 + v**4/12 + 2*v**3/3 - 2*v**2. Suppose -7*n - 21 = -0*n. What are the prime factors of w(n)?
5
Let z = 400 - -99. What are the prime factors of z?
499
Suppose 269 = 2*a + 5. Let t = a + -83. What are the prime factors of t?
7
Let d = 2071 + -1129. Let f be d/39 + 4/(-26). Suppose -5*r - 3*o = -8, -4*r + r + 3*o + f = 0. What are the prime factors of r?
2
Let n = -1315 - -6781. List the prime factors of n.
2, 3, 911
Let v = 10 + -6. Suppose -83 + 23 = -v*l. Let m = 38 - l. List the prime factors of m.
23
Let o = -101 - -148. Suppose 0 = -4*b - 5*j + o, 65 = 5*b + j + 4*j. What are the prime factors of b?
2, 3
Let r(y) be the third derivative of 3*y**5/20 - y**4/12 + y**3/6 - 32*y**2. List the prime factors of r(-3).
2, 11
Let y be ((-3)/1)/3 - 0. Let a(u) = -8*u + 1. Let v be a(y). Let p(i) = -i**2 + 12*i - 11. What are the prime factors of p(v)?
2
Let t be 40/6*24/(-10). Let l = t + 18. Suppose 0 = p + 1, 0*p = 2*d - l*p - 56. What are the prime factors of d?
3
Let g = -75 - -105. What are the prime factors of g?
2, 3, 5
Let o = 63 + -22. Let m = 82 - o. List the prime factors of m.
41
Suppose 46*n - 43*n - 1107 = 0. What are the prime factors of n?
3, 41
Suppose 3*t + 9 = 0, 2*t - 63 = -n + 15. Suppose 0 = -3*j - 0*j + n. List the prime factors of j.
2, 7
Let n = -8 - -10. Suppose -g - 13 = -n*m, -2*m = -0*m - 5*g - 33. List the prime factors of ((-62)/m - -4)*-4.
2, 23
Let p(w) be the first derivative of w**3 - 5*w**2/2 + 2*w - 10. What are the prime factors of p(-4)?
2, 5, 7
Let i(o) = o + o**2 + 1 - 4*o**2 + 1 + 6*o**3 + 1. List the prime factors of i(2).
41
Let i(w) = -w**2 + 55*w + 40. What are the prime factors of i(36)?
2, 181
Let l(i) = -20*i + 20*i + 52*i**2. What are the prime factors of l(1)?
2, 13
Let c(q) = -q + 6. Let h be c(7). Let y be 1 - h - (-134 + 1). Suppose 6*j = j + y. What are the prime factors of j?
3
Let z be (0 + 2)*1 + -2. Suppose 5*h - 29 - 8 = 4*x, -h + 4*x + 17 = z. What are the prime factors of 17 - (-4 + h - -2)?
2, 7
Let p be (-28)/(-5) - (-6)/(-10). Suppose -3*f = -p*d - f + 10, d = -4*f + 2. Suppose -2 = j, -5*s + d*j + 39 = 15. List the prime factors of s.
2
Suppose 0*d = -2*d + 10. Suppose -d*o = -g - 38 - 158, 76 = 2*o - g. List the prime factors of o.
2, 5
What are the prime factors of -73*(-3)/(3/1)?
73
What are the prime factors of 47378/23 + (9 - (-1640)/(-184))?
2, 5, 103
Suppose 21231 = 301*b - 294*b. List the prime factors of b.
3, 337
Suppose -496 = 7*z - 3*z. Let c = -70 - z. List the prime factors of c.
2, 3
Let p(q) = q**3 - 12*q**2 + 24*q + 30. What are the prime factors of p(16)?
2, 719
Suppose c + 0 - 4 = 0. Let b(j) = 13*j - 17. Let p(g) = 7*g - 9. Let q(k) = 4*b(k) - 7*p(k). What are the prime factors of q(c)?
7
Let a = 3 + 0. Suppose -4*f - 2*w + 30 = 0, 0 = 4*f - a*f + w - 8. Suppose -6 = -g - 3*v, f*g + 4*v = 2*g 